).
6
Let k(w) = -w + 1. Suppose 3*j - 5*j - 46 = 0. Let i = j + 18. Let b be k(i). Let c(p) = p**3 - 5*p**2 - 5*p + 4. Determine c(b).
10
Let z = -1 + 4. Let h(j) be the first derivative of j**4/4 - j**3 + 3*j**2/2 - 3*j + 1942. What is h(z)?
6
Let m(k) = -2*k**2 - 3*k - 4. Suppose 0 = -3*v + 289 - 298. Give m(v).
-13
Let i(n) = n**3 + 5*n**2 + 13*n + 33. Let w be i(-4). Let y(s) = 8*s. Calculate y(w).
-24
Let g(s) = -8*s**2 - 5*s - 11. Let y(q) = -14*q**2 - 10*q - 19. Let n(v) = 5*g(v) - 3*y(v). What is n(4)?
54
Let g(a) = -a**3 + 3*a**2 + a + 4. Let h = 108 - 104. What is g(h)?
-8
Let v(f) = f + 1. Let s(n) = -n - 6*n + 0*n - 8*n**2 - 13 + n**3. Let b(u) = -u**3 - 12*u**2 - 37*u - 11. Let t be b(-4). Let x be s(t). Calculate v(x).
6
Suppose 5*f + 25 = 3*w, 6*w + 20 = 4*w - 4*f. Let v = w + 2. Suppose -c + v = -2*c. Let n(r) = r**2 + 3*r. Give n(c).
-2
Let z(w) = 2*w - 7. Suppose -40*l - 6 = -41*l. Determine z(l).
5
Suppose a + a - 34 = b, -3*a - 5*b + 38 = 0. Suppose -a = 3*s - 40. Suppose 3*k - 15 = s*k. Let d(v) = -2*v**2 - 3*v + 3. Determine d(k).
-6
Suppose 19 = -3*n - 17. Let q be (24/n - (0 + 1))*1. Let o(p) = -p - 4. Give o(q).
-1
Suppose 2*y + 4*f = -10 + 24, 5*f = 2*y + 31. Let d be 14/4*32/28 + y. Let c(w) = 9*w**3 - w**2 - w + 1. What is c(d)?
8
Suppose -3*t - 3*y + 4 = 7, 5*t - 5*y = 35. Let u(v) = v**3 - 3*v - 3. Determine u(t).
15
Suppose 0 = 4*o + 20, 3*b = -2*o + 5 - 15. Let s(q) be the third derivative of -1/12*q**4 + b + 0*q - 1/2*q**3 - 3*q**2. Determine s(-5).
7
Let s(j) = -j + 4. Let l be ((-54)/(-10))/3*5. Let d = l + -1. What is s(d)?
-4
Let m be 0/1 + (296/(-24) - -13). Let f(i) be the third derivative of -10*i**2 - 1/60*i**5 + 0 - m*i**3 - 5/24*i**4 + 0*i. Give f(-3).
2
Let h(b) = -5*b**3 + 5*b**2 - 6*b + 6. Let t(d) = -10*d**3 + 9*d**2 - 11*d + 11. Let p(q) = -11*h(q) + 6*t(q). Suppose -j - 7 = 2*k, j = 3*k - j - 7. Give p(k).
4
Let h(n) = -8 - 5*n - 2*n + 4*n - 3*n + 15*n. Give h(2).
10
Let b(i) = -i + 0*i - i + 1. Let t be b(-1). Let c(f) = 3*f**3 + 6*f**2 + f + 4. Let k(n) = -4*n**3 - 7*n**2 - n - 6. Let g(y) = 5*c(y) + 4*k(y). Give g(t).
-10
Let i(a) = -a + 12. Let x be (1*49/(-14))/((-2)/8). Give i(x).
-2
Let s be (7 - 2)*(-10)/(-25). Let g(j) = -3 - s + 3*j**2 - j**3 + 11*j - 3*j + 3*j**2. Calculate g(7).
2
Let u(p) = 2*p + 41. Let m be u(-19). Let i(k) = k**3 - 5*k**2 + k + 4. Let v(d) = d**3 - 5*d**2 + d + 4. Let t(c) = 6*i(c) - 5*v(c). What is t(m)?
-11
Let r(n) be the second derivative of -n**4/12 + n**3/2 + 3*n**2/2 + 94*n. Determine r(-3).
-15
Let j be (0 - -1)*(-4)/(-2). Let s(t) = -1 - t**2 + j - t + 2. Suppose 18 = 3*i + 15, 2*i = 2*u - 4. Determine s(u).
-9
Suppose 0 = -4*c + 2*k - 18, 2*k - 24 = 22*c - 17*c. Let q(a) = -a**2 - 2*a + 6. What is q(c)?
-18
Let a(i) = 0*i**2 - 10*i**2 + 11*i**2 + 11 - 34*i + 33*i. Let d = -5 + 5. Determine a(d).
11
Suppose 0 = -6*t + 2*t. Let c(l) be the second derivative of -l**5/20 - l**3/6 + 5*l**2/2 + 53*l + 1. Give c(t).
5
Let d(m) = 2*m**3 - 13*m**2 - 6*m - 5. Let l = -5 - -12. Let n be d(l). Let g = 2 + n. Let i(h) = h**3 - 5*h**2 + 6*h - 1. Give i(g).
7
Let g(q) = -3*q**3 + q - 1. Let o(p) = -p**3. Let r(x) = g(x) + 4*o(x). Let d(m) = m**3 + 5*m**2 + 1. Let c be d(-5). What is r(c)?
-7
Let i be (2 - (7 - 4))*1 - -13. Suppose -4*x - i = 0, 0*b = 5*b + x - 27. Let m(r) = -r**2 + 7*r + 2. Determine m(b).
8
Let x be 90/25 - 2/(-5). Let v(n) be the second derivative of -n**3/2 + 5*n**2/2 - 53*n + 2. Calculate v(x).
-7
Suppose -23*t + 22*t + 11 = 0. Let g(n) = -n**2 + 13*n - 2. Calculate g(t).
20
Let f(p) be the second derivative of -4*p + 0*p**4 - 1/30*p**5 + 0*p**2 - 1/3*p**3 + 0. Let w(n) be the second derivative of f(n). Calculate w(-1).
4
Let c(m) be the first derivative of -m**4/2 + m**3/3 + m**2/2 - 2*m - 1. Suppose -7*x = 3*x - 120. Suppose -9*j + x = -3*j. Give c(j).
-12
Let t(r) be the first derivative of -r**3/3 + 3*r**2/2 + 4*r - 5. Let w(a) be the first derivative of t(a). Determine w(5).
-7
Let i(o) = -16*o - 2. Let q be i(-1). Let l(v) = 17*v - 175 + 177 - q*v. Determine l(-2).
-4
Let b(o) = 2*o**2 - 2*o - 1. Let q be b(2). Suppose -4*f + 8 = 4*z, q*z - 1 - 1 = f. Let s(v) = 13*v - 5*v + 0 - v**2 + z. Determine s(8).
1
Let m(z) = z**2 - z + 5. Let b(l) be the third derivative of 0*l + 0 - 2*l**2 + 1/24*l**4 + 1/60*l**5 + 1/6*l**3. Let w(o) = 2*b(o) - m(o). Give w(-3).
-3
Let o(x) = -x**2 + 6*x + 1. Let g(f) be the second derivative of f**4/12 - f**3/6 + 2*f. Let j be (2 + -6)*4/8. Let i be g(j). Calculate o(i).
1
Let y(h) = 3 - 26*h + 2 + 27*h - 6 - h**2. Calculate y(6).
-31
Let c(v) = -v**3 + 28*v**2 + 34*v - 142. Let t be c(29). Let o(w) = -11*w. Give o(t).
-33
Let c be 10/4 - -5*3/(-10). Let j(z) = -28*z - 1. What is j(c)?
-29
Suppose -3*m - 15 = 0, 2*p + 15 = 7*p - 4*m. Let h(b) = -2*b + 1. Let i(u) = -8*u - 1. Let v(j) = p*h(j) - i(j). Let f be 2/4*0 - 1. What is v(f)?
-10
Suppose -5*s - 5*f = 40, -5*f - 30 = 3*s + s. Let l = s + 11. Let a(z) = -z + 1. Calculate a(l).
0
Let i = 72 + -87. Let l(v) = v**3 + 14*v**2 - 16*v - 12. Let z be l(i). Let k(n) = 2*n**2 - 4*n + 2. Give k(z).
8
Let y(t) = 1726 + 10*t - 8*t - 1720. Give y(-5).
-4
Let l(r) = r**3 - 3*r**2 - 2*r - 4. Let b be (-2)/7 + (-27)/(-21) + 3. Give l(b).
4
Let j(y) be the first derivative of y**2/2 + y - 58. Give j(4).
5
Let n(l) = 9*l**2 - 8*l**2 + 2*l + 1 - 3*l. Suppose 3*d = 5*k, d + 5*k + 1 = 21. Suppose 14 - d = 3*g. Give n(g).
7
Let r(t) = 4*t**2 + t. Let g = 18 + -15. Let d be 0 - -6 - g - 2. Calculate r(d).
5
Let r(t) = t**3 - 12*t**2 - t + 15. Suppose 20*q = 23*q - 36. Calculate r(q).
3
Let r(t) = -t + 1. Suppose 5*p - 4*p - 1 = 0. Let c(j) = -j**2 + 8*j - 7. Let n(z) = p*c(z) + 6*r(z). Give n(1).
0
Let v(l) = 2*l - 16. Let x(w) = -w + 7. Suppose -i + 7 = -u - 0*i, 5*u + 3*i - 5 = 0. Let g(t) = u*v(t) - 5*x(t). What is g(-7)?
-10
Let y(m) = -m - 1. Let h = 41 - 31. Suppose 6*n - 28 = h*n. Determine y(n).
6
Suppose -51*u = -73*u - 88. Let j(p) = -13*p - 5. What is j(u)?
47
Let p(h) be the first derivative of 3*h**2 + 2*h - 2. Let s be (-4 + 1)*(-20)/(-30). What is p(s)?
-10
Let i be (-72)/(-16)*(-4)/(-6). Let v(c) = 2*c**3 + 3 - 4*c**2 - c**2 - c**i + 8*c - 11*c. What is v(5)?
-12
Let h(q) = -32*q - 30*q - 2 + 1 + 58*q. Let x(s) = -s - 6. Let k be x(-5). Let i be (k - -4)*(-4)/6. Calculate h(i).
7
Suppose 2*x - 6*o + 9*o = 44, -2*x + 56 = -3*o. Let g(f) = 5 - x*f + 7 + 23*f + 0. Calculate g(9).
-6
Let s = -8 - -4. Let k(r) be the first derivative of r**3/3 + 5*r**2/2 - r + 8. Determine k(s).
-5
Let m(v) = -2*v**2 + 20*v - 27. Let q be m(8). Let s(l) = l**3 - 6*l**2 + 7*l - 5. What is s(q)?
5
Suppose 0 = 7*a + 12 - 5. Let t be ((-20)/2)/(a + 2). Let x(s) = s**3 + 10*s**2 - 2*s - 13. What is x(t)?
7
Let y(z) = z**3 + 5*z**2 + 5*z - 1. Let n be 22/(-99) + (-202)/(-18). Suppose 0 = 2*g - 3 + n. Give y(g).
-5
Let z(g) = -5*g**2 + 24*g - 81. Let o(q) = -q**2 + 4*q - 20. Let f(b) = -9*o(b) + 2*z(b). Give f(13).
5
Let m(l) be the second derivative of l**3/6 - 145*l. Suppose 0 = u - 4*x + 13, -3*x + 43 = 4*u. What is m(u)?
7
Let y(b) be the first derivative of -2*b**3/3 - 2*b**2 + 4*b + 283. Calculate y(-6).
-44
Let g(l) = l**3 + 4*l**2 - 3*l + 5. Let h be g(-5). Let o(i) = -3*i**2 + i**3 - 10*i + 9*i**2 + 0 - 4 + 7*i + 9*i. What is o(h)?
-9
Let d(y) = -y**2 + y + 8. Let r = -528 - -533. What is d(r)?
-12
Suppose -2*y = b - 5, -4*y + 2*b + 3 - 5 = 0. Let j(i) = 2*i**3 + i**2 - 1. Let s be j(y). Suppose -6 = -0*g + s*g. Let q(h) = 2*h + 1. Give q(g).
-5
Let a(n) = 27*n**2 + 11*n + 9. Let l(w) = 17*w**2 + 7*w + 6. Let j(r) = -5*a(r) + 8*l(r). Let m be 8*1/(-2)*1. Give j(m).
15
Let o(a) = -4*a**3 - a**2 - 2*a - 1. Suppose 6 + 4 = -z. Let f = 15 + z. Suppose 0 = -2*h + 4*h - 2, -f*n = -4*h + 9. Calculate o(n).
4
Let f(v) = 2*v - 9 + 10*v - 6*v. Let s(t) = 7*t - 8. Let u(j) = 6*f(j) - 5*s(j). Let m be u(16). Let c(o) = -3*o**2 + 2*o. Give c(m).
-8
Let y be -11 + 1 + -14 + 22. Let t(d) = 6*d**2. Calculate t(y).
24
Let l be 474/(-39) - (-44)/286 - -7. Let c(u) = 16*u + 83. What is c(l)?
3
Let j = 14 - 0. Suppose -4*c = -2 + j. Let i(a) = -a - 1. What is i(c)?
2
Let b = 39 + -33. Let h = b - 7. Let v(s) = 5*s. Calculate v(h).
-5
Suppose 0 = 4*l - 0*c - 2*c - 6, 0 = -5*l + 5*c. Let w(b) = -4*b*